Κλιματικές Αναφορές Τύπου-ΝΟΑΑ


Αναφορά για... 2014 Ιανουάριος
                   Monthly Climatological Summary for Ιαν 2014

Name: pantokratoras-kerkyra   City: Petalia   State: W.Greece-Ionian Islands
Elevation: 650 m  Lat: N 39° 44' 56"   Lon: E 019° 50' 21"

                  Temperature (°C), Rain (mm), Wind Speed (km/h)

                                      Heat  Cool        Avg
    Mean                              Deg   Deg         Wind                 Dom
Day Temp  High   Time   Low    Time   Days  Days  Rain  Speed High   Time    Dir
----------------------------------------------------------------------------------
 1   8,1  10,3   15:08   5,4   23:43  10,1   0,0   1,8   3,3  15,8   04:44   SSW
 2   7,3  10,5   13:19   5,2   08:11  10,9   0,0   0,0   1,4   9,7   13:24     W
 3   7,9  12,3   13:10   5,7   04:53  10,2   0,0   0,0   2,3  68,8   19:11     W
 4   9,4  12,3   12:30   6,8   00:29   7,1   0,0   0,0   3,0  18,4   23:41   WSW
 5  10,0  11,5   16:28   8,6   12:23   8,3   0,0  33,9  16,3  43,9   20:20   SSW
 6   8,9  10,8   15:45   7,3   08:54   6,8   0,0  62,7   7,7  84,6   08:07   SSW
 7  10,2  16,1   13:15   7,0   05:39   8,1   0,0   0,0   3,3  13,3   03:50     E
 8   9,8  14,3   14:46   6,9   06:28   8,4   0,0   0,0   3,2  17,3   14:44   ESE
 9   9,6  14,7   13:20   6,8   04:25   8,6   0,0   0,0   2,1  82,1   19:45   SSE
10   9,2  10,5   07:44   6,9   21:01   7,0   0,0   0,0   2,1  39,2   21:01     S
11   9,5  12,2   11:02   6,9   00:28   5,8   0,0   0,0   2,5  11,2   13:29    SW
12   9,6  12,2   13:19   7,6   00:00   8,7   0,0   0,0   3,5  13,3   04:13   WNW
13   9,5  12,4   13:18   6,8   04:13   8,8   0,0   0,0   2,8  42,8   15:36     W
14   9,5  11,6   12:35   7,5   07:13   8,8   0,0   1,5   9,0  29,5   22:50   NNW
15   9,3  12,2   11:53   6,7   08:14   9,0   0,0  87,0   8,9  30,6   04:34   NNW
16   8,2  11,4   12:10   5,8   06:11  10,1   0,0   8,7   2,6  12,2   09:12   SSW
17   8,8  11,0   12:42   5,5   06:53   7,2   0,0   0,0   7,1  25,6   17:54     N
18   9,5  12,4   20:19   6,9   22:42   8,6   0,0   1,2   9,7  27,0   12:05     N
19  10,8  13,6   19:44   8,4   00:36   7,5   0,0   5,4  17,3  42,8   19:17   NNW
20  11,7  12,3   15:32  10,1   23:59   6,6   0,0   2,7  19,0  43,9   01:49   NNW
21   9,2  10,4   13:29   7,7   21:27   8,7   0,0   8,1  12,7  39,2   03:29    NW
22   8,6  10,6   14:18   7,2   09:53   9,7   0,0   6,6   4,8  17,3   03:58     S
23   8,5  11,3   11:53   5,9   05:17   9,8   0,0   3,3   3,4  15,8   23:40     N
24   8,2   9,3   06:54   6,7   19:01  10,1   0,0  55,5  11,4  35,6   13:11   NNW
25   6,5   9,0   11:06   5,4   18:42  11,8   0,0   8,4   4,8  20,9   00:15    NW
26   5,4   7,8   12:41   2,7   23:51  12,9   0,0   0,0  11,7  35,6   18:36   SSE
27   3,8   6,4   14:36   1,9   06:09  14,3   0,0   0,0   4,2  14,8   03:17     S
28   5,4   7,0   16:15   4,1   00:00  12,9   0,0  17,1   7,1  33,1   08:46    NW
29   5,9   9,4   14:18   3,6   20:24  12,4   0,0   1,2   4,1  18,4   22:48     S
30   7,7   9,4   13:12   5,5   01:10  10,6   0,0   0,6   9,2  30,6   13:16   NNW
31  10,7  13,4   14:06   8,5   23:55   7,6   0,0   2,1  15,8  40,3   12:19   NNW
----------------------------------------------------------------------------------
     8,6  16,1     7     1,9    27   287,4   0,0 307,8   7,1  84,6     6      NW

Max >=  27,0:  0
Max <=   0,0:  0
Min <=   0,0:  0
Min <= -18,0:  0
Max Rain: 87,0 on day 15
Days of Rain: 18 (>= 0,2 mm)  13 (>= 2,0 mm)  4 (>= 20,0 mm)
Heat Base: 18,3  Cool Base: 18,3  Method: Integration


 ♦     ♦     ♦     Ποτέ μη βασίζετε κρίσιμες αποφάσεις σ'αυτές ή οποιεσδήποτε πληροφορίες καιρού από το Internet     ♦     ♦     ♦