Κλιματικές Αναφορές Τύπου-ΝΟΑΑ


Αναφορά για... 2015
                   Annual Climatological Summary for 2015

Name: pantokratoras-kerkyra   City: Petalia   State: W.Greece-Ionian Islands
Elevation: 650 m  Lat: N 39° 44' 56"   Lon: E 019° 50' 21"

                  Temperature (°C), Heat Base: 18,3  Cool Base: 18,3
                          Dep.  Heat  Cool                       Max  Max  Min  Min
        Mean  Mean        From  Deg   Deg                        >=   <=   <=   <=
 YR MO  Max   Min   Mean  Norm  Days  Days  Hi  Date  Low  Date 27,0  0,0  0,0 -18,0
------------------------------------------------------------------------------------
 15  1  10,3   3,9   6,6   0.0   357     0  14,5  22  -2,8    7    0    0    4    0
 15  2   9,8   3,0   5,8   0.0   329     0  14,3   5  -1,2   12    0    0    5    0
 15  3  12,9   5,3   8,5   0.0   299     0  19,1  26   0,4   21    0    0    0    0
 15  4  16,4   6,8  11,6   0.0   186     5  20,8  26   2,7    8    0    0    0    0
 15  5  22,8  11,2  17,4   0.0    66    39  29,4   6   5,8   26    3    0    0    0
 15  6  25,7  13,5  20,1   0.0    19    72  29,2  14   7,9   22    8    0    0    0
 15  7  31,6  20,3  26,0   0.0     0   239  36,3  21  13,8    1   29    0    0    0
 15  8  30,5  18,2  24,4   0.0     7   180  33,9   1  12,5   17   30    0    0    0
 15  9  27,1  16,2  21,1   0.0    20   102  33,3  18  12,2   27   14    0    0    0
 15 10  20,5  12,7  15,7   0.0    87    10  24,9   9   8,8   27    0    0    0    0
 15 11  16,6   9,4  12,4   0.0   167     2  23,6  11   5,4   30    0    0    0    0
 15 12  13,1   5,1   8,2   0.0   313     0  16,0  27   0,6   31    0    0    0    0
------------------------------------------------------------------------------------
        19,8  10,5  14,8   0.0  1857   652  36,3Ιουλ  -2,8  Ιαν   84    0    9    0

                                Precipitation (mm)

              Dep.   Max        Days of Rain
              From   Obs.           >=
 YR MO Total  Norm   Day Date  0,2  2,0 20,0
---------------------------------------------
 15  1 276,1   0.0  54,9  31    18   11    6
 15  2 285,8   0.0  51,9  23    17   13    7
 15  3 154,5   0.0  57,3   5    18   11    2
 15  4  30,9   0.0  11,4  28     6    4    0
 15  5  14,4   0.0  10,2  19     5    2    0
 15  6  22,2   0.0  13,5   8     5    2    0
 15  7   0,0   0.0   0,0   0     0    0    0
 15  8  21,8   0.0   6,9  13     7    3    0
 15  9 113,7   0.0  42,3  10     8    5    2
 15 10 136,2   0.0  60,3  22    17    9    2
 15 11 236,4   0.0  76,8  27     9    8    4
 15 12   9,0   0.0   4,5  30     3    2    0
---------------------------------------------
      1301,0   0.0  76,8  Νοε  113   70   23

                                Wind Speed (km/h)
                          Dom
 YR MO   Avg.  Hi   Date  Dir
------------------------------
 15  1   8,3  55,1   30    SW
 15  2   8,1  84,6   25    SW
 15  3   6,5  46,4    5    SW
 15  4   7,1  49,0    5   WSW
 15  5   5,0  34,2   28     W
 15  6   4,4  33,1   18   WNW
 15  7   4,1  27,0   31    NW
 15  8   4,4  27,0   22   WNW
 15  9   3,6  34,2   20     W
 15 10   3,4  47,9   11    SW
 15 11   0,0   0,0    0   ---
 15 12   0,0   0,0    0   ---
------------------------------
         4,6  84,6  Φεβ   WSW


 ♦     ♦     ♦     Ποτέ μη βασίζετε κρίσιμες αποφάσεις σ'αυτές ή οποιεσδήποτε πληροφορίες καιρού από το Internet     ♦     ♦     ♦