Κλιματικές Αναφορές Τύπου-ΝΟΑΑ


Αναφορά για... 2015 Ιανουάριος
                   Monthly Climatological Summary for Ιαν 2015

Name: pantokratoras-kerkyra   City: Petalia   State: W.Greece-Ionian Islands
Elevation: 650 m  Lat: N 39° 44' 56"   Lon: E 019° 50' 21"

                  Temperature (°C), Rain (mm), Wind Speed (km/h)

                                      Heat  Cool        Avg
    Mean                              Deg   Deg         Wind                 Dom
Day Temp  High   Time   Low    Time   Days  Days  Rain  Speed High   Time    Dir
----------------------------------------------------------------------------------
 1   2,0   7,8   13:43  -0,9   01:17  16,3   0,0   0,0   5,7  18,4   03:31    SW
 2   3,1   8,9   12:23   0,2   08:25  15,2   0,0   0,0   3,5  14,8   03:28   SSE
 3   6,6  12,3   14:09   2,3   01:12  11,5   0,0   0,0   3,4  14,8   12:59     S
 4   8,5  11,9   11:35   5,9   23:57   9,8   0,0   0,6  10,5  34,2   17:59   WNW
 5   2,7   6,0   00:00   0,4   22:48  15,5   0,0   0,0  16,1  43,9   19:44   WNW
 6   1,5   4,4   13:32  -0,5   20:37  16,8   0,0   0,0  13,1  37,8   15:22    NW
 7   1,0   6,8   13:48  -2,8   07:45  17,3   0,0   0,0   6,0  35,6   03:19   WNW
 8   2,4   8,4   13:33  -1,5   00:18  15,9   0,0   0,0   3,1  13,3   05:51     S
 9   4,4   8,5   15:41   0,9   04:17  13,9   0,0   0,3   2,9  14,8   12:12   SSW
10   8,1  12,4   14:59   5,4   23:17  10,2   0,0   0,3   4,1  17,3   14:59   WNW
11   9,3  14,2   12:05   5,9   01:11   8,9   0,0   0,6   6,8  22,0   15:04   SSW
12   6,4  11,0   03:07   4,4   09:58  11,9   0,0   0,0  20,3  49,0   14:39    NW
13   6,8  11,4   14:31   1,9   07:20  11,5   0,0   0,0   7,1  22,0   15:07    NW
14   7,7  14,4   15:41   4,3   20:37  10,6   0,0   0,0   3,4   9,7   11:37   SSE
15   7,7  12,1   14:38   3,4   06:08  10,6   0,0   0,0   6,0  20,9   10:11    NW
16   7,3  12,3   13:31   3,4   08:35  11,0   0,0   0,0   4,5  18,4   19:53     S
17   9,2  12,8   14:16   6,9   04:53   9,0   0,0   0,0  10,4  29,5   09:59   SSW
18   9,3   9,9   16:41   8,4   09:56   9,0   0,0  17,1  13,8  39,2   16:09   SSW
19  10,2  11,6   15:17   4,0   06:33   7,1   0,0  35,1  13,9  45,4   09:58    SW
20  10,4  11,9   16:01   9,2   03:59   7,9   0,0   0,9  12,3  30,6   03:33   SSW
21  10,0  11,0   06:06   9,0   20:36   8,3   0,0   7,3  10,5  34,2   15:14   SSW
22  11,2  14,5   15:25   8,7   06:06   7,0   0,0   5,1  10,6  37,8   23:28   SSW
23   7,4  11,0   00:33   5,4   21:51  10,7   0,0  15,0  13,1  50,0   08:35     S
24   6,2   7,8   22:38   5,5   09:12  12,1   0,0  38,4  10,7  30,6   22:26     S
25   6,4  10,7   15:46   4,1   07:50  11,8   0,0   0,6   2,5  12,2   02:53   SSW
26   6,1   9,3   14:21   4,5   00:20  12,2   0,0  24,0   6,1  22,0   14:14     S
27   5,0   6,3   16:04   3,7   07:46  13,3   0,0  23,1   5,8  27,0   00:50   SSW
28   5,0   7,3   13:23   3,7   23:59  12,4   0,0   6,0   3,9  19,4   18:19   SSW
29   6,6  11,7   14:36   3,6   00:33  11,7   0,0   0,6   3,2  15,8   02:12   SSE
30   7,8   9,7   22:48   4,4   00:09  10,4   0,0  46,2  17,1  55,1   17:24     S
31   7,4  11,6   19:50   6,3   07:18   7,4   0,0  54,9   7,5  46,4   00:04   WSW
----------------------------------------------------------------------------------
     6,6  14,5    22    -2,8     7   357,2   0,0 276,1   8,3  55,1    30      SW

Max >=  27,0:  0
Max <=   0,0:  0
Min <=   0,0:  4
Min <= -18,0:  0
Max Rain: 54,9 on day 31
Days of Rain: 18 (>= 0,2 mm)  11 (>= 2,0 mm)  6 (>= 20,0 mm)
Heat Base: 18,3  Cool Base: 18,3  Method: Integration


 ♦     ♦     ♦     Ποτέ μη βασίζετε κρίσιμες αποφάσεις σ'αυτές ή οποιεσδήποτε πληροφορίες καιρού από το Internet     ♦     ♦     ♦