Κλιματικές Αναφορές Τύπου-ΝΟΑΑ


Αναφορά για... 2016 Οκτώβριος
                   Monthly Climatological Summary for Οκτ 2016

Name: pantokratoras-kerkyra   City: Petalia   State: W.Greece-Ionian Islands
Elevation: 650 m  Lat: N 39° 44' 56"   Lon: E 019° 50' 21"

                  Temperature (°C), Rain (mm), Wind Speed (km/h)

                                      Heat  Cool        Avg
    Mean                              Deg   Deg         Wind                 Dom
Day Temp  High   Time   Low    Time   Days  Days  Rain  Speed High   Time    Dir
----------------------------------------------------------------------------------
 1  16,2  22,0   13:23  12,3   02:14   2,9   0,9   0,0   0,3   6,1   13:55   WNW
 2  17,9  23,6   15:03  13,1   03:31   1,8   1,4  14,4   0,1   9,7   20:34    SW
 3  18,5  22,6   14:46  15,7   23:58   0,8   1,0   0,0   1,2  22,0   16:01   NNW
 4  17,1  20,9   11:12  14,2   04:56   1,6   0,4   0,0   1,5  33,1   17:19    SW
 5  15,0  18,2   13:39  11,8   08:10   3,3   0,0   0,0   1,4  24,5   11:30     N
 6  13,7  18,9   16:29   9,9   08:13   4,6   0,0   0,0   0,0   3,6   16:58     S
 7  14,4  16,4   18:16  12,2   00:00   3,9   0,0  29,4   0,0   0,0   00:00   ---
 8  14,2  16,5   13:39  10,7   23:18   4,2   0,0   6,6   0,0   0,0   00:00   ---
 9  14,3  19,0   14:07   9,1   05:43   4,0   0,0   0,0   0,0   7,2   17:32   WSW
10  15,5  18,5   13:39  14,1   11:23   2,8   0,0  78,9   0,0   0,0   00:00   ---
11  14,3  15,7   15:39  12,6   20:55   4,1   0,0 108,6   0,0   0,0   00:00   ---
12  13,6  15,2   09:25  10,5   23:36   4,7   0,0  15,3   0,0   0,0   00:00   ---
13  12,7  17,1   15:30   9,2   08:46   5,6   0,0   0,0   0,0   0,0   00:00   ---
14  16,9  24,5   14:46  12,0   00:00   2,6   1,1   0,0   0,0   0,0   00:00   ---
15  19,0  22,1   13:25  17,1   00:00   0,3   1,0   0,0   0,0   0,0   00:00   ---
16  16,6  19,4   00:24  13,9   13:06   1,8   0,1  13,2   0,0   0,0   00:00   ---
17  16,2  21,4   15:50  12,9   05:07   2,6   0,5   0,0   0,0   0,0   00:00   ---
18  15,0  19,5   13:38  12,2   08:30   3,4   0,1   0,0   0,0   0,0   00:00   ---
19  13,9  17,7   14:17  11,3   21:34   4,4   0,0   6,0   0,0   0,0   00:00   ---
20  14,3  17,3   16:22  11,2   03:26   4,0   0,0   2,7   0,0   0,0   00:00   ---
21  14,8  16,1   14:20  13,1   03:20   3,5   0,0  19,8   0,0   0,0   00:00   ---
22  15,9  20,4   13:49  12,6   20:46   2,5   0,1  19,2   0,0   0,0   00:00   ---
23  15,6  20,0   14:09  13,0   06:53   2,8   0,1   6,0   0,0   0,0   00:00   ---
24  15,4  20,8   14:22  12,4   07:26   3,3   0,4   0,0   0,0   0,0   00:00   ---
25  15,3  19,9   13:34  12,0   07:46   3,2   0,2   0,0   0,0   0,0   00:00   ---
26  16,2  19,4   12:35  13,2   05:14   2,2   0,1   0,0   0,1  11,2   22:06   NNW
27  15,1  16,9   11:36  13,6   04:26   3,2   0,0  11,4   0,2  22,0   12:28    SW
28  12,6  14,5   00:30  11,2   20:37   5,7   0,0   0,6   0,7  18,4   11:41    SW
29  13,0  17,5   14:41  10,0   08:03   5,3   0,0   0,6   0,0   0,0   00:00   ---
30  13,7  17,6   11:42   9,6   19:42   4,8   0,0   0,0   0,0   0,0   00:00   ---
31  12,4  17,3   13:46   9,3   20:17   5,9   0,0   0,0   0,0   0,0   00:00   ---
----------------------------------------------------------------------------------
    15,1  24,5    14     9,1     9   105,8   7,4 332,7   0,2  33,1     4     WNW

Max >=  27,0:  0
Max <=   0,0:  0
Min <=   0,0:  0
Min <= -18,0:  0
Max Rain: 108,6 on day 11
Days of Rain: 15 (>= 0,2 mm)  13 (>= 2,0 mm)  3 (>= 20,0 mm)
Heat Base: 18,3  Cool Base: 18,3  Method: Integration


 ♦     ♦     ♦     Ποτέ μη βασίζετε κρίσιμες αποφάσεις σ'αυτές ή οποιεσδήποτε πληροφορίες καιρού από το Internet     ♦     ♦     ♦