Κλιματικές Αναφορές Τύπου-ΝΟΑΑ

Επιλέξτε μια αναφορά Έτους ή Μήνα
2018: Ιαν Φεβ Μάρ Απρ Μάϊ Ιού Ιού Αύγ Σεπ Οκτ Νοέ Δεκ
2017: Ιαν Φεβ Μάρ Απρ Μάϊ Ιού Ιού Αύγ Σεπ Οκτ Νοέ Δεκ
2016: Ιαν Φεβ Μάρ Απρ Μάϊ Ιού Ιού Αύγ Σεπ Οκτ Νοέ Δεκ
2015: Ιαν Φεβ Μάρ Απρ Μάϊ Ιού Ιού Αύγ Σεπ Οκτ Νοέ Δεκ
2014: Ιαν Φεβ Μάρ Απρ Μάϊ Ιού Ιού Αύγ Σεπ Οκτ Νοέ Δεκ
2013: Ιαν Φεβ Μάρ Απρ Μάϊ Ιού Ιού Αύγ Σεπ Οκτ Νοέ Δεκ

Αναφορά για... 2017 Δεκέμβριος
                   Monthly Climatological Summary for Δεκ 2017

Name: pantokratoras-kerkyra   City: Petalia   State: W.Greece-Ionian Islands
Elevation: 650 m  Lat: N 39° 44' 56"   Lon: E 019° 50' 21"

                  Temperature (°C), Rain (mm), Wind Speed (km/h)

                                      Heat  Cool        Avg
    Mean                              Deg   Deg         Wind                 Dom
Day Temp  High   Time   Low    Time   Days  Days  Rain  Speed High   Time    Dir
----------------------------------------------------------------------------------
 1  12,5  13,7   00:27  10,7   21:50   4,9   0,0 119,4   9,1  57,9   16:31     S
 2   9,8  11,4   14:08   7,0   07:22   8,5   0,0   6,4   3,7  32,2   14:23   SSW
 3   8,4  11,0   14:35   6,4   20:20   9,8   0,0  21,2   3,7  43,5   00:18     S
 4   7,1   9,5   13:50   4,8   08:16  11,2   0,0   0,8   2,1  24,1   19:02     N
 5   5,6   8,2   13:01   2,9   23:29  12,7   0,0   0,0   5,9  49,9   13:35     N
 6   5,7   9,0   13:59   2,8   02:31  12,6   0,0   0,0   3,8  27,4   04:50     N
 7   6,8  11,3   14:15   3,6   06:18  11,5   0,0   0,0   1,4  16,1   14:20   NNE
 8   5,4  10,1   14:19   2,1   04:49  12,9   0,0   0,0   0,5  14,5   23:52    SW
 9   8,5  10,3   11:50   6,5   23:51   9,7   0,0  18,6   5,9  40,2   16:21   SSW
10   3,8   7,2   13:56   0,8   18:53  14,4   0,0   0,6   3,3  32,2   00:17   WNW
11   6,8   8,8   23:30   1,1   00:00  11,4   0,0   0,2   6,3  35,4   18:23   SSW
12  10,4  11,3   15:15   8,8   00:00   6,6   0,0  15,0   5,3  25,7   06:03   SSW
13  10,7  11,9   14:20   9,8   06:56   7,2   0,0   2,8   5,7  29,0   20:30   SSW
14   8,3  11,1   00:00   5,2   19:30   8,4   0,0   0,0   2,4  22,5   00:00   ENE
15   9,6  11,4   23:00   6,9   01:00   8,4   0,0   4,8  10,1  48,3   11:27     S
16  10,1  12,1   11:56   8,1   21:30   6,9   0,0  15,8   9,7  40,2   06:29   SSW
17   6,1   8,8   00:30   3,0   20:02   9,9   0,0   6,2   2,3  27,4   11:15     W
18   3,8   5,4   12:59   0,8   22:10  14,5   0,0   2,8   3,4  35,4   20:39     N
19   1,3   4,7   14:33  -1,9   22:47  17,0   0,0   2,4   1,5  24,1   02:16   NNW
20   1,1   5,6   14:23  -2,4   05:43  17,2   0,0   0,8   1,8  12,9   13:17   ESE
21   3,5   5,9   13:24  -0,3   00:32  14,8   0,0   0,4   3,0  17,7   22:40   ESE
22   5,2   7,9   13:59   3,1   00:13  13,1   0,0   0,0   2,9  20,9   23:56     W
23   5,6   8,8   14:21   2,9   08:56  12,7   0,0   0,0   4,0  25,7   14:54   WNW
24   8,1  11,8   22:32   2,9   05:56  10,2   0,0   0,0   3,5  25,7   10:42     N
25   9,0  13,1   14:53   6,3   07:34   9,3   0,0   0,0   0,8  11,3   01:46   SSE
26   7,8   9,3   12:38   5,4   01:22  10,4   0,0   2,6   4,6  25,7   19:01     S
27   8,1   8,8   00:06   7,2   10:54  10,2   0,0  26,4   6,0  43,5   21:28   SSW
28   7,8   9,1   01:14   5,9   22:26  10,3   0,0  43,8   7,1  46,7   03:57     S
29   5,0   7,1   11:23   2,3   22:18  13,3   0,0  16,0   2,0  27,4   22:19    SE
30   4,9   7,3   14:00   3,6   00:21  12,6   0,0   0,0   7,3  40,2   16:00   NNE
31   5,3   9,4   14:23   0,0   00:12  12,8   0,0   0,0   1,3  16,1   00:30    NE
----------------------------------------------------------------------------------
     6,8  13,7     1    -2,4    20   345,4   0,0 307,0   3,9  57,9     1     SSW

Max >=  27,0:  0
Max <=   0,0:  0
Min <=   0,0:  4
Min <= -18,0:  0
Max Rain: 119,4 on day 1
Days of Rain: 20 (>= 0,2 mm)  15 (>= 2,0 mm)  4 (>= 20,0 mm)
Heat Base: 18,3  Cool Base: 18,3  Method: Integration


 ♦     ♦     ♦     Ποτέ μη βασίζετε κρίσιμες αποφάσεις σ'αυτές ή οποιεσδήποτε πληροφορίες καιρού από το Internet     ♦     ♦     ♦