Κλιματικές Αναφορές Τύπου-ΝΟΑΑ

Επιλέξτε μια αναφορά Έτους ή Μήνα
2018: Ιαν Φεβ Μάρ Απρ Μάϊ Ιού Ιού Αύγ Σεπ Οκτ Νοέ Δεκ
2017: Ιαν Φεβ Μάρ Απρ Μάϊ Ιού Ιού Αύγ Σεπ Οκτ Νοέ Δεκ
2016: Ιαν Φεβ Μάρ Απρ Μάϊ Ιού Ιού Αύγ Σεπ Οκτ Νοέ Δεκ
2015: Ιαν Φεβ Μάρ Απρ Μάϊ Ιού Ιού Αύγ Σεπ Οκτ Νοέ Δεκ
2014: Ιαν Φεβ Μάρ Απρ Μάϊ Ιού Ιού Αύγ Σεπ Οκτ Νοέ Δεκ
2013: Ιαν Φεβ Μάρ Απρ Μάϊ Ιού Ιού Αύγ Σεπ Οκτ Νοέ Δεκ

Αναφορά για... 2018 Ιανουάριος
                   Monthly Climatological Summary for Ιαν 2018

Name: pantokratoras-kerkyra   City: Petalia   State: W.Greece-Ionian Islands
Elevation: 650 m  Lat: N 39° 44' 56"   Lon: E 019° 50' 21"

                  Temperature (°C), Rain (mm), Wind Speed (km/h)

                                      Heat  Cool        Avg
    Mean                              Deg   Deg         Wind                 Dom
Day Temp  High   Time   Low    Time   Days  Days  Rain  Speed High   Time    Dir
----------------------------------------------------------------------------------
 1   6,8  10,6   11:27   2,3   03:44  11,5   0,0   0,8   2,2  25,7   20:50     S
 2   6,9   9,7   00:26   4,3   19:31  11,4   0,0  17,6   3,2  38,6   00:55    NE
 3   6,0   8,5   12:51   3,6   22:06  12,3   0,0   0,2   2,6  29,0   13:21   NNE
 4   5,8   8,1   15:01   3,1   22:40  12,5   0,0  35,4   5,9  46,7   14:17    NE
 5   7,5  12,3   15:02   3,1   01:29  10,3   0,0   0,0   3,1  22,5   07:46    SE
 6   9,3  10,6   14:01   7,6   03:29   9,0   0,0   0,4   3,9  29,0   23:41     S
 7  10,2  12,1   14:23   9,4   07:11   8,1   0,0   0,0   5,9  32,2   00:46   SSW
 8  10,2  11,8   13:34   9,3   04:42   8,1   0,0   0,0   5,0  25,7   06:41   SSW
 9  10,2  11,4   12:36   9,5   23:27   8,1   0,0   0,0   4,8  29,0   12:57   SSW
10   9,7  10,8   11:56   8,9   07:53   8,4   0,0   0,0   5,6  32,2   02:19   SSW
11   7,8   9,8   00:41   6,8   23:36  10,3   0,0  10,4   2,1  20,9   18:21   SSE
12   5,9   7,0   10:40   3,8   04:00  12,4   0,0  17,8   3,7  27,4   20:43     S
13   7,0   9,7   15:26   5,2   05:42  11,3   0,0   3,4   3,3  27,4   11:18     W
14   6,1   8,2   14:27   4,3   19:30  12,0   0,0   5,0   3,3  25,7   13:05    SE
15   6,5   8,6   15:30   5,1   00:34  11,0   0,0  24,4   3,5  22,5   20:54     S
16   6,7   9,2   15:11   4,1   07:52  11,6   0,0   1,8   0,8  14,5   14:55   SSE
17   8,5  10,9   14:17   5,3   21:46   9,7   0,0   1,0   5,2  46,7   23:26   WSW
18   5,1   6,7   14:30   3,6   07:30  13,0   0,0   0,0  24,4  86,9   06:30   NNE
19   5,6   8,8   13:30   0,9   02:30  12,3   0,0   0,0   6,7  27,4   19:56     S
20   8,1   9,1   14:02   5,6   23:43  10,1   0,0   5,8   4,1  32,2   11:09   SSW
21   7,3   8,8   12:38   4,9   03:09  10,5   0,0  20,2   2,2  43,5   22:25     E
22   4,7   6,6   00:07   2,1   23:04  13,6   0,0   0,0   9,5  54,7   13:47   NNE
23   4,5   8,0   12:40  -0,3   02:53  13,8   0,0   0,0   1,3  11,3   08:38     E
24   4,4   8,6   15:30   1,1   22:30  13,8   0,0   0,0   2,0  17,7   05:56   SSE
25   3,2   6,9   15:24  -0,3   05:31  15,0   0,0   0,0   0,8  16,1   14:29   WNW
26   4,3   9,6   15:08   1,8   07:01  14,0   0,0   0,4   0,6  11,3   13:13   WNW
27   5,4   9,7   15:38   1,7   06:52  12,9   0,0   0,4   1,2  24,1   15:13     N
28   6,4  12,1   16:16   2,7   07:28  11,9   0,0   0,2   0,8  12,9   13:57   NNW
29   6,9  12,7   15:15   2,9   06:58  11,4   0,0   0,0   0,7   8,0   09:37     W
30   5,3   9,3   13:09   2,6   05:55  13,0   0,0   0,2   0,8  14,5   13:20    NW
31   5,3  10,6   13:29   2,2   22:38  12,9   0,0   0,4   0,8  11,3   14:24   NNW
----------------------------------------------------------------------------------
     6,7  12,7    29    -0,3    23   356,2   0,0 145,8   3,4  86,9    18      SE

Max >=  27,0:  0
Max <=   0,0:  0
Min <=   0,0:  2
Min <= -18,0:  0
Max Rain: 35,4 on day 4
Days of Rain: 19 (>= 0,2 mm)  9 (>= 2,0 mm)  3 (>= 20,0 mm)
Heat Base: 18,3  Cool Base: 18,3  Method: Integration


 ♦     ♦     ♦     Ποτέ μη βασίζετε κρίσιμες αποφάσεις σ'αυτές ή οποιεσδήποτε πληροφορίες καιρού από το Internet     ♦     ♦     ♦