Κλιματικές Αναφορές Τύπου-ΝΟΑΑ
Επιλέξτε μια αναφορά Έτους ή Μήνα
2024: Ιαν Φεβ Μάρ Απρ Μάϊ Ιού Ιού Αύγ Σεπ Οκτ Νοέ Δεκ
2023: Ιαν Φεβ Μάρ Απρ Μάϊ Ιού Ιού Αύγ Σεπ Οκτ Νοέ Δεκ
2022: Ιαν Φεβ Μάρ Απρ Μάϊ Ιού Ιού Αύγ Σεπ Οκτ Νοέ Δεκ
2021: Ιαν Φεβ Μάρ Απρ Μάϊ Ιού Ιού Αύγ Σεπ Οκτ Νοέ Δεκ
2020: Ιαν Φεβ Μάρ Απρ Μάϊ Ιού Ιού Αύγ Σεπ Οκτ Νοέ Δεκ
2019: Ιαν Φεβ Μάρ Απρ Μάϊ Ιού Ιού Αύγ Σεπ Οκτ Νοέ Δεκ
2018: Ιαν Φεβ Μάρ Απρ Μάϊ Ιού Ιού Αύγ Σεπ Οκτ Νοέ Δεκ
2017: Ιαν Φεβ Μάρ Απρ Μάϊ Ιού Ιού Αύγ Σεπ Οκτ Νοέ Δεκ
2016: Ιαν Φεβ Μάρ Απρ Μάϊ Ιού Ιού Αύγ Σεπ Οκτ Νοέ Δεκ
2015: Ιαν Φεβ Μάρ Απρ Μάϊ Ιού Ιού Αύγ Σεπ Οκτ Νοέ Δεκ
2014: Ιαν Φεβ Μάρ Απρ Μάϊ Ιού Ιού Αύγ Σεπ Οκτ Νοέ Δεκ
2013: Ιαν Φεβ Μάρ Απρ Μάϊ Ιού Ιού Αύγ Σεπ Οκτ Νοέ Δεκ
2024: Ιαν Φεβ Μάρ Απρ Μάϊ Ιού Ιού Αύγ Σεπ Οκτ Νοέ Δεκ
2023: Ιαν Φεβ Μάρ Απρ Μάϊ Ιού Ιού Αύγ Σεπ Οκτ Νοέ Δεκ
2022: Ιαν Φεβ Μάρ Απρ Μάϊ Ιού Ιού Αύγ Σεπ Οκτ Νοέ Δεκ
2021: Ιαν Φεβ Μάρ Απρ Μάϊ Ιού Ιού Αύγ Σεπ Οκτ Νοέ Δεκ
2020: Ιαν Φεβ Μάρ Απρ Μάϊ Ιού Ιού Αύγ Σεπ Οκτ Νοέ Δεκ
2019: Ιαν Φεβ Μάρ Απρ Μάϊ Ιού Ιού Αύγ Σεπ Οκτ Νοέ Δεκ
2018: Ιαν Φεβ Μάρ Απρ Μάϊ Ιού Ιού Αύγ Σεπ Οκτ Νοέ Δεκ
2017: Ιαν Φεβ Μάρ Απρ Μάϊ Ιού Ιού Αύγ Σεπ Οκτ Νοέ Δεκ
2016: Ιαν Φεβ Μάρ Απρ Μάϊ Ιού Ιού Αύγ Σεπ Οκτ Νοέ Δεκ
2015: Ιαν Φεβ Μάρ Απρ Μάϊ Ιού Ιού Αύγ Σεπ Οκτ Νοέ Δεκ
2014: Ιαν Φεβ Μάρ Απρ Μάϊ Ιού Ιού Αύγ Σεπ Οκτ Νοέ Δεκ
2013: Ιαν Φεβ Μάρ Απρ Μάϊ Ιού Ιού Αύγ Σεπ Οκτ Νοέ Δεκ
Αναφορά για... 2019 Ιούλιος
Monthly Climatological Summary for Ιουλ 2019 Name: pantokratoras-kerkyra City: Petalia State: W.Greece-Ionian Islands Elevation: 650 m Lat: N 39° 44' 56" Lon: E 019° 50' 21" Temperature (°C), Rain (mm), Wind Speed (km/h) Heat Cool Avg Mean Deg Deg Wind Dom Day Temp High Time Low Time Days Days Rain Speed High Time Dir ---------------------------------------------------------------------------------- 1 23,7 27,3 11:46 20,1 03:59 0,0 5,4 0,0 2,1 19,3 17:09 NNE 2 25,9 30,1 20:14 21,1 00:26 0,0 7,6 0,0 2,3 12,9 04:46 SSE 3 27,5 31,9 15:02 20,4 06:46 0,0 9,2 0,0 2,1 16,1 12:30 NE 4 27,2 32,2 17:01 21,9 06:29 0,0 8,9 0,0 1,7 14,5 13:01 WNW 5 26,0 30,8 13:24 20,7 06:27 0,0 7,7 0,0 2,5 27,4 18:25 NNE 6 26,4 31,3 19:42 22,4 05:55 0,0 8,1 0,0 2,0 17,7 11:28 NNW 7 25,8 30,8 14:19 20,1 06:56 0,0 7,5 0,0 1,6 16,1 13:38 NNW 8 25,0 29,8 15:17 19,6 03:00 0,0 6,6 0,0 1,6 14,5 15:07 NW 9 25,4 30,3 15:29 21,3 04:58 0,0 7,1 0,0 1,4 14,5 18:15 NW 10 24,0 29,8 11:05 17,9 23:59 0,0 5,5 0,0 3,2 30,6 23:51 SE 11 19,3 22,8 15:30 14,1 22:44 0,7 1,6 13,2 6,9 51,5 00:14 NNE 12 19,3 23,8 16:28 13,3 01:27 1,0 2,0 0,0 1,9 19,3 16:35 NNW 13 20,1 25,5 17:28 14,8 04:14 0,8 2,6 6,4 1,5 16,1 00:12 WNW 14 18,5 21,1 13:58 15,9 23:57 0,5 0,6 0,2 3,3 27,4 17:24 NNW 15 18,8 24,7 16:34 13,7 04:12 1,2 1,7 0,0 2,0 22,5 09:58 SSW 16 16,8 19,1 16:15 14,9 09:28 1,6 0,1 8,8 1,3 16,1 15:49 NNE 17 19,8 24,1 14:15 15,6 06:24 0,7 2,1 0,0 2,6 17,7 14:53 NW 18 20,3 26,0 13:15 14,8 23:59 0,8 2,7 0,0 1,1 14,5 13:44 WNW 19 19,6 24,6 12:56 14,0 04:41 1,3 2,5 0,0 1,7 17,7 12:11 NNE 20 22,5 27,2 13:06 16,9 01:08 0,2 4,5 0,0 1,5 17,7 14:41 NNW 21 25,2 29,2 20:05 19,7 01:00 0,0 6,9 0,0 2,8 14,5 16:05 ENE 22 26,4 30,3 14:14 20,8 07:02 0,0 8,1 0,0 1,8 12,9 10:52 N 23 26,6 30,3 12:22 22,9 23:58 0,0 8,3 0,0 2,2 16,1 21:28 N 24 25,3 29,6 19:44 21,1 03:12 0,0 7,0 0,0 1,9 19,3 17:04 N 25 23,8 28,2 12:11 19,3 22:51 0,0 5,5 0,0 1,3 16,1 11:05 NW 26 23,2 27,9 13:28 18,2 06:30 0,0 4,8 0,0 1,4 16,1 15:18 NW 27 23,0 28,4 16:39 17,3 05:09 0,1 4,8 0,0 1,4 14,5 14:12 NW 28 22,7 27,1 14:37 19,3 05:18 0,0 4,3 0,0 4,8 29,0 12:23 S 29 21,8 25,7 17:33 18,3 04:12 0,0 3,5 0,0 2,0 19,3 16:29 WNW 30 21,2 24,1 16:59 18,7 07:31 0,0 2,7 0,0 3,1 24,1 09:00 NNE 31 23,7 28,5 14:31 17,2 01:54 0,1 5,5 0,0 1,8 17,7 18:31 NE ---------------------------------------------------------------------------------- 23,1 32,2 4 13,3 12 9,0 155,4 28,6 2,1 51,5 11 N Max >= 27,0: 20 Max <= 0,0: 0 Min <= 0,0: 0 Min <= -18,0: 0 Max Rain: 13,2 on day 11 Days of Rain: 4 (>= 0,2 mm) 3 (>= 2,0 mm) 0 (>= 20,0 mm) Heat Base: 18,3 Cool Base: 18,3 Method: Integration