Κλιματικές Αναφορές Τύπου-ΝΟΑΑ
Επιλέξτε μια αναφορά Έτους ή Μήνα
2024: Ιαν Φεβ Μάρ Απρ Μάϊ Ιού Ιού Αύγ Σεπ Οκτ Νοέ Δεκ
2023: Ιαν Φεβ Μάρ Απρ Μάϊ Ιού Ιού Αύγ Σεπ Οκτ Νοέ Δεκ
2022: Ιαν Φεβ Μάρ Απρ Μάϊ Ιού Ιού Αύγ Σεπ Οκτ Νοέ Δεκ
2021: Ιαν Φεβ Μάρ Απρ Μάϊ Ιού Ιού Αύγ Σεπ Οκτ Νοέ Δεκ
2020: Ιαν Φεβ Μάρ Απρ Μάϊ Ιού Ιού Αύγ Σεπ Οκτ Νοέ Δεκ
2019: Ιαν Φεβ Μάρ Απρ Μάϊ Ιού Ιού Αύγ Σεπ Οκτ Νοέ Δεκ
2018: Ιαν Φεβ Μάρ Απρ Μάϊ Ιού Ιού Αύγ Σεπ Οκτ Νοέ Δεκ
2017: Ιαν Φεβ Μάρ Απρ Μάϊ Ιού Ιού Αύγ Σεπ Οκτ Νοέ Δεκ
2016: Ιαν Φεβ Μάρ Απρ Μάϊ Ιού Ιού Αύγ Σεπ Οκτ Νοέ Δεκ
2015: Ιαν Φεβ Μάρ Απρ Μάϊ Ιού Ιού Αύγ Σεπ Οκτ Νοέ Δεκ
2014: Ιαν Φεβ Μάρ Απρ Μάϊ Ιού Ιού Αύγ Σεπ Οκτ Νοέ Δεκ
2013: Ιαν Φεβ Μάρ Απρ Μάϊ Ιού Ιού Αύγ Σεπ Οκτ Νοέ Δεκ
2024: Ιαν Φεβ Μάρ Απρ Μάϊ Ιού Ιού Αύγ Σεπ Οκτ Νοέ Δεκ
2023: Ιαν Φεβ Μάρ Απρ Μάϊ Ιού Ιού Αύγ Σεπ Οκτ Νοέ Δεκ
2022: Ιαν Φεβ Μάρ Απρ Μάϊ Ιού Ιού Αύγ Σεπ Οκτ Νοέ Δεκ
2021: Ιαν Φεβ Μάρ Απρ Μάϊ Ιού Ιού Αύγ Σεπ Οκτ Νοέ Δεκ
2020: Ιαν Φεβ Μάρ Απρ Μάϊ Ιού Ιού Αύγ Σεπ Οκτ Νοέ Δεκ
2019: Ιαν Φεβ Μάρ Απρ Μάϊ Ιού Ιού Αύγ Σεπ Οκτ Νοέ Δεκ
2018: Ιαν Φεβ Μάρ Απρ Μάϊ Ιού Ιού Αύγ Σεπ Οκτ Νοέ Δεκ
2017: Ιαν Φεβ Μάρ Απρ Μάϊ Ιού Ιού Αύγ Σεπ Οκτ Νοέ Δεκ
2016: Ιαν Φεβ Μάρ Απρ Μάϊ Ιού Ιού Αύγ Σεπ Οκτ Νοέ Δεκ
2015: Ιαν Φεβ Μάρ Απρ Μάϊ Ιού Ιού Αύγ Σεπ Οκτ Νοέ Δεκ
2014: Ιαν Φεβ Μάρ Απρ Μάϊ Ιού Ιού Αύγ Σεπ Οκτ Νοέ Δεκ
2013: Ιαν Φεβ Μάρ Απρ Μάϊ Ιού Ιού Αύγ Σεπ Οκτ Νοέ Δεκ
Αναφορά για... 2020 Αύγουστος
Monthly Climatological Summary for Αυγ 2020 Name: pantokratoras-kerkyra City: Petalia State: W.Greece-Ionian Islands Elevation: 650 m Lat: N 39° 44' 56" Lon: E 019° 50' 21" Temperature (°C), Rain (mm), Wind Speed (km/h) Heat Cool Avg Mean Deg Deg Wind Dom Day Temp High Time Low Time Days Days Rain Speed High Time Dir ---------------------------------------------------------------------------------- 1 26,9 31,6 12:27 21,7 04:44 0,0 8,6 0,0 2,3 29,0 17:27 NNE 2 26,9 32,1 15:06 22,3 23:00 0,0 8,6 0,0 1,7 16,1 14:14 NNW 3 25,2 29,7 17:42 21,4 23:59 0,0 6,9 0,0 2,9 25,7 12:31 S 4 23,4 28,4 14:49 19,5 02:35 0,0 5,1 0,0 3,5 22,5 06:04 SSW 5 21,1 26,5 17:47 15,6 09:07 0,2 2,8 86,6 5,0 35,4 09:15 SE 6 19,6 23,0 19:10 16,2 00:00 0,3 1,5 0,8 5,4 16,1 15:42 NNE 7 18,7 23,5 19:07 15,5 04:30 0,9 1,2 8,4 1,8 12,9 16:42 NE 8 18,8 25,4 14:31 14,9 06:37 1,3 1,8 3,6 0,5 19,3 17:26 NNW 9 23,7 28,7 15:38 15,8 00:00 0,0 5,5 0,0 2,0 19,3 01:54 WNW 10 25,0 28,6 17:21 20,8 06:22 0,0 6,5 0,0 2,0 14,5 15:23 NE 11 26,4 28,7 13:29 20,6 23:58 0,0 8,0 0,0 1,9 12,9 14:01 NNE 12 24,5 29,1 16:54 19,3 01:43 0,0 6,2 0,0 1,4 11,3 12:49 NNW 13 24,8 29,2 13:58 19,4 07:27 0,0 6,5 0,0 1,6 17,7 16:23 N 14 24,8 30,3 19:05 19,8 02:48 0,0 6,5 0,0 1,1 12,9 12:55 NNW 15 24,0 29,7 17:40 19,3 23:58 0,0 5,7 0,0 1,1 14,5 10:51 W 16 22,6 26,4 17:32 18,4 03:34 0,0 4,3 0,0 2,2 22,5 14:46 NNE 17 23,2 28,9 14:26 18,1 05:54 0,0 4,9 0,0 1,6 17,7 10:49 SW 18 22,1 27,3 12:03 17,1 06:22 0,1 3,9 0,0 0,8 11,3 12:43 NNW 19 21,9 25,9 16:30 18,1 00:09 0,0 3,6 0,0 4,9 27,4 17:00 NE 20 21,6 25,4 13:59 15,9 03:30 0,1 3,2 0,0 3,1 19,3 16:54 NE 21 23,6 28,7 19:51 18,5 08:20 0,0 5,3 0,0 1,7 20,9 15:37 NNE 22 24,1 29,2 14:47 19,7 00:28 0,0 5,8 0,0 1,2 16,1 12:47 N 23 24,5 30,6 13:51 19,1 03:50 0,0 6,2 0,0 1,1 12,9 13:26 NE 24 24,8 30,6 14:41 19,9 23:54 0,0 6,5 0,0 1,0 14,5 13:16 NW 25 22,1 27,4 11:05 17,9 07:05 0,0 3,8 0,0 1,5 19,3 18:17 N 26 22,1 26,6 12:34 17,8 21:55 0,0 3,8 0,0 1,5 16,1 16:16 N 27 22,4 28,3 19:33 17,2 02:55 0,1 4,2 0,0 1,0 16,1 13:52 NNW 28 24,3 30,6 17:21 18,9 00:21 0,0 6,0 0,0 0,9 14,5 12:19 SSW 29 24,4 29,9 17:34 18,6 23:40 0,0 6,1 0,0 1,3 17,7 14:35 NNW 30 22,5 29,4 19:00 17,7 06:19 0,1 4,2 0,0 1,1 16,1 15:07 NW 31 24,5 33,2 18:45 18,4 00:00 0,0 6,2 0,0 0,8 11,3 13:55 NW ---------------------------------------------------------------------------------- 23,4 33,2 31 14,9 8 3,1 159,4 99,4 1,7 35,4 5 NNE Max >= 27,0: 23 Max <= 0,0: 0 Min <= 0,0: 0 Min <= -18,0: 0 Max Rain: 86,6 on day 5 Days of Rain: 4 (>= 0,2 mm) 3 (>= 2,0 mm) 1 (>= 20,0 mm) Heat Base: 18,3 Cool Base: 18,3 Method: Integration