Κλιματικές Αναφορές Τύπου-ΝΟΑΑ
Επιλέξτε μια αναφορά Έτους ή Μήνα
2024: Ιαν Φεβ Μάρ Απρ Μάϊ Ιού Ιού Αύγ Σεπ Οκτ Νοέ Δεκ
2023: Ιαν Φεβ Μάρ Απρ Μάϊ Ιού Ιού Αύγ Σεπ Οκτ Νοέ Δεκ
2022: Ιαν Φεβ Μάρ Απρ Μάϊ Ιού Ιού Αύγ Σεπ Οκτ Νοέ Δεκ
2021: Ιαν Φεβ Μάρ Απρ Μάϊ Ιού Ιού Αύγ Σεπ Οκτ Νοέ Δεκ
2020: Ιαν Φεβ Μάρ Απρ Μάϊ Ιού Ιού Αύγ Σεπ Οκτ Νοέ Δεκ
2019: Ιαν Φεβ Μάρ Απρ Μάϊ Ιού Ιού Αύγ Σεπ Οκτ Νοέ Δεκ
2018: Ιαν Φεβ Μάρ Απρ Μάϊ Ιού Ιού Αύγ Σεπ Οκτ Νοέ Δεκ
2017: Ιαν Φεβ Μάρ Απρ Μάϊ Ιού Ιού Αύγ Σεπ Οκτ Νοέ Δεκ
2016: Ιαν Φεβ Μάρ Απρ Μάϊ Ιού Ιού Αύγ Σεπ Οκτ Νοέ Δεκ
2015: Ιαν Φεβ Μάρ Απρ Μάϊ Ιού Ιού Αύγ Σεπ Οκτ Νοέ Δεκ
2014: Ιαν Φεβ Μάρ Απρ Μάϊ Ιού Ιού Αύγ Σεπ Οκτ Νοέ Δεκ
2013: Ιαν Φεβ Μάρ Απρ Μάϊ Ιού Ιού Αύγ Σεπ Οκτ Νοέ Δεκ
2024: Ιαν Φεβ Μάρ Απρ Μάϊ Ιού Ιού Αύγ Σεπ Οκτ Νοέ Δεκ
2023: Ιαν Φεβ Μάρ Απρ Μάϊ Ιού Ιού Αύγ Σεπ Οκτ Νοέ Δεκ
2022: Ιαν Φεβ Μάρ Απρ Μάϊ Ιού Ιού Αύγ Σεπ Οκτ Νοέ Δεκ
2021: Ιαν Φεβ Μάρ Απρ Μάϊ Ιού Ιού Αύγ Σεπ Οκτ Νοέ Δεκ
2020: Ιαν Φεβ Μάρ Απρ Μάϊ Ιού Ιού Αύγ Σεπ Οκτ Νοέ Δεκ
2019: Ιαν Φεβ Μάρ Απρ Μάϊ Ιού Ιού Αύγ Σεπ Οκτ Νοέ Δεκ
2018: Ιαν Φεβ Μάρ Απρ Μάϊ Ιού Ιού Αύγ Σεπ Οκτ Νοέ Δεκ
2017: Ιαν Φεβ Μάρ Απρ Μάϊ Ιού Ιού Αύγ Σεπ Οκτ Νοέ Δεκ
2016: Ιαν Φεβ Μάρ Απρ Μάϊ Ιού Ιού Αύγ Σεπ Οκτ Νοέ Δεκ
2015: Ιαν Φεβ Μάρ Απρ Μάϊ Ιού Ιού Αύγ Σεπ Οκτ Νοέ Δεκ
2014: Ιαν Φεβ Μάρ Απρ Μάϊ Ιού Ιού Αύγ Σεπ Οκτ Νοέ Δεκ
2013: Ιαν Φεβ Μάρ Απρ Μάϊ Ιού Ιού Αύγ Σεπ Οκτ Νοέ Δεκ
Αναφορά για... 2021 Οκτώβριος
Monthly Climatological Summary for Οκτ 2021 Name: pantokratoras-kerkyra City: Petalia State: W.Greece-Ionian Islands Elevation: 650 m Lat: N 39° 44' 56" Lon: E 019° 50' 21" Temperature (°C), Rain (mm), Wind Speed (km/h) Heat Cool Avg Mean Deg Deg Wind Dom Day Temp High Time Low Time Days Days Rain Speed High Time Dir ---------------------------------------------------------------------------------- 1 16,0 18,8 18:09 12,3 07:47 2,2 0,0 3,8 0,4 12,9 11:44 NNE 2 15,4 19,7 14:46 12,4 23:20 2,9 0,1 0,2 1,1 16,1 15:57 NE 3 14,4 19,9 15:23 11,2 07:10 3,8 0,1 0,2 0,9 17,7 11:40 NE 4 14,4 21,1 13:58 10,1 06:07 4,3 0,4 0,4 0,8 12,9 13:08 NNW 5 14,9 21,7 15:20 9,0 07:06 4,1 0,6 0,0 1,0 16,1 14:40 NNW 6 16,6 20,3 16:18 12,3 00:00 1,9 0,1 16,6 4,4 24,1 14:43 SSW 7 14,6 16,2 00:00 13,2 15:07 3,3 0,0 179,4 7,0 38,6 16:37 SW 8 13,4 15,2 00:00 11,9 09:01 4,3 0,0 20,2 4,2 24,1 11:20 SW 9 13,9 17,5 16:44 11,9 07:35 4,2 0,0 42,2 2,6 20,9 00:38 SSW 10 14,4 16,9 16:35 13,0 03:47 3,9 0,0 55,6 3,5 27,4 13:44 SW 11 12,7 14,7 00:17 10,1 22:41 5,4 0,0 54,0 3,0 24,1 00:15 ESE 12 11,8 15,6 15:20 9,2 05:42 6,5 0,0 3,2 2,3 25,7 17:17 NW 13 11,8 15,9 13:06 8,6 07:22 6,5 0,0 2,2 0,7 17,7 13:18 NNE 14 11,0 11,9 14:00 9,9 03:17 7,0 0,0 38,6 2,8 25,7 14:00 WSW 15 12,0 15,5 14:38 9,8 02:49 6,3 0,0 19,6 2,2 19,3 12:18 WNW 16 12,6 15,8 15:02 10,3 05:41 5,7 0,0 3,8 1,5 17,7 15:31 WNW 17 12,4 15,3 17:57 9,8 23:25 5,9 0,0 13,2 0,4 14,5 00:58 W 18 12,1 15,8 15:40 10,0 08:26 6,2 0,0 2,4 0,2 11,3 16:22 ENE 19 13,2 18,0 13:47 9,3 07:49 5,1 0,0 0,0 1,2 12,9 13:57 ESE 20 12,2 17,2 14:26 8,8 06:34 6,1 0,0 0,4 0,7 19,3 16:03 NNW 21 11,7 15,4 18:03 8,4 04:11 6,6 0,0 0,4 1,2 17,7 11:27 SSW 22 13,8 17,9 15:31 10,1 04:45 4,5 0,0 1,8 1,7 16,1 18:30 SSW 23 15,3 17,9 13:08 14,6 05:30 2,9 0,0 12,4 2,7 19,3 17:53 ESE 24 13,9 15,8 15:43 12,6 04:20 4,4 0,0 11,0 0,9 11,3 14:39 SE 25 13,7 18,7 16:12 11,0 08:05 4,6 0,0 0,0 1,7 19,3 11:32 SSW 26 12,4 15,8 15:53 9,3 08:03 5,9 0,0 0,2 1,2 11,3 03:31 ESE 27 12,3 16,6 14:36 8,7 07:42 5,9 0,0 0,2 0,7 11,3 12:18 NE 28 10,7 16,9 14:50 6,1 04:41 7,6 0,0 0,2 0,9 14,5 14:14 NNE 29 11,3 19,0 15:57 5,9 02:57 7,1 0,0 0,2 1,2 11,3 05:15 SSE 30 10,9 16,3 14:28 6,6 07:30 7,4 0,0 0,0 1,2 12,9 16:43 E 31 10,6 16,1 15:55 7,5 02:09 7,8 0,0 0,0 1,4 12,9 12:20 ESE ---------------------------------------------------------------------------------- 13,1 21,7 5 5,9 29 160,3 1,3 482,4 1,7 38,6 7 SSW Max >= 27,0: 0 Max <= 0,0: 0 Min <= 0,0: 0 Min <= -18,0: 0 Max Rain: 179,4 on day 7 Days of Rain: 26 (>= 0,2 mm) 16 (>= 2,0 mm) 6 (>= 20,0 mm) Heat Base: 18,3 Cool Base: 18,3 Method: Integration