Κλιματικές Αναφορές Τύπου-ΝΟΑΑ
Επιλέξτε μια αναφορά Έτους ή Μήνα
2024: Ιαν Φεβ Μάρ Απρ Μάϊ Ιού Ιού Αύγ Σεπ Οκτ Νοέ Δεκ
2023: Ιαν Φεβ Μάρ Απρ Μάϊ Ιού Ιού Αύγ Σεπ Οκτ Νοέ Δεκ
2022: Ιαν Φεβ Μάρ Απρ Μάϊ Ιού Ιού Αύγ Σεπ Οκτ Νοέ Δεκ
2021: Ιαν Φεβ Μάρ Απρ Μάϊ Ιού Ιού Αύγ Σεπ Οκτ Νοέ Δεκ
2020: Ιαν Φεβ Μάρ Απρ Μάϊ Ιού Ιού Αύγ Σεπ Οκτ Νοέ Δεκ
2019: Ιαν Φεβ Μάρ Απρ Μάϊ Ιού Ιού Αύγ Σεπ Οκτ Νοέ Δεκ
2018: Ιαν Φεβ Μάρ Απρ Μάϊ Ιού Ιού Αύγ Σεπ Οκτ Νοέ Δεκ
2017: Ιαν Φεβ Μάρ Απρ Μάϊ Ιού Ιού Αύγ Σεπ Οκτ Νοέ Δεκ
2016: Ιαν Φεβ Μάρ Απρ Μάϊ Ιού Ιού Αύγ Σεπ Οκτ Νοέ Δεκ
2015: Ιαν Φεβ Μάρ Απρ Μάϊ Ιού Ιού Αύγ Σεπ Οκτ Νοέ Δεκ
2014: Ιαν Φεβ Μάρ Απρ Μάϊ Ιού Ιού Αύγ Σεπ Οκτ Νοέ Δεκ
2013: Ιαν Φεβ Μάρ Απρ Μάϊ Ιού Ιού Αύγ Σεπ Οκτ Νοέ Δεκ
2024: Ιαν Φεβ Μάρ Απρ Μάϊ Ιού Ιού Αύγ Σεπ Οκτ Νοέ Δεκ
2023: Ιαν Φεβ Μάρ Απρ Μάϊ Ιού Ιού Αύγ Σεπ Οκτ Νοέ Δεκ
2022: Ιαν Φεβ Μάρ Απρ Μάϊ Ιού Ιού Αύγ Σεπ Οκτ Νοέ Δεκ
2021: Ιαν Φεβ Μάρ Απρ Μάϊ Ιού Ιού Αύγ Σεπ Οκτ Νοέ Δεκ
2020: Ιαν Φεβ Μάρ Απρ Μάϊ Ιού Ιού Αύγ Σεπ Οκτ Νοέ Δεκ
2019: Ιαν Φεβ Μάρ Απρ Μάϊ Ιού Ιού Αύγ Σεπ Οκτ Νοέ Δεκ
2018: Ιαν Φεβ Μάρ Απρ Μάϊ Ιού Ιού Αύγ Σεπ Οκτ Νοέ Δεκ
2017: Ιαν Φεβ Μάρ Απρ Μάϊ Ιού Ιού Αύγ Σεπ Οκτ Νοέ Δεκ
2016: Ιαν Φεβ Μάρ Απρ Μάϊ Ιού Ιού Αύγ Σεπ Οκτ Νοέ Δεκ
2015: Ιαν Φεβ Μάρ Απρ Μάϊ Ιού Ιού Αύγ Σεπ Οκτ Νοέ Δεκ
2014: Ιαν Φεβ Μάρ Απρ Μάϊ Ιού Ιού Αύγ Σεπ Οκτ Νοέ Δεκ
2013: Ιαν Φεβ Μάρ Απρ Μάϊ Ιού Ιού Αύγ Σεπ Οκτ Νοέ Δεκ
Αναφορά για... 2022 Ιανουάριος
Monthly Climatological Summary for Ιαν 2022 Name: pantokratoras-kerkyra City: Petalia State: W.Greece-Ionian Islands Elevation: 650 m Lat: N 39° 44' 56" Lon: E 019° 50' 21" Temperature (°C), Rain (mm), Wind Speed (km/h) Heat Cool Avg Mean Deg Deg Wind Dom Day Temp High Time Low Time Days Days Rain Speed High Time Dir ---------------------------------------------------------------------------------- 1 12,7 16,1 15:45 8,1 05:15 5,6 0,0 0,0 2,5 20,9 13:56 NE 2 12,9 16,5 14:55 10,3 02:27 3,7 0,0 0,0 2,0 12,9 00:06 SSE 3 8,3 8,9 23:07 0,0 17:44 2,6 0,0 0,2 0,2 12,9 12:45 SW 4 9,0 12,2 14:43 5,3 07:58 9,3 0,0 0,0 0,6 14,5 12:39 NE 5 9,9 10,7 22:04 8,3 06:55 8,3 0,0 0,2 8,4 49,9 17:10 SW 6 10,2 11,0 22:05 9,0 09:33 8,1 0,0 0,8 9,9 38,6 14:19 SW 7 8,3 10,2 04:03 6,9 14:29 10,0 0,0 21,8 3,3 27,4 14:11 SW 8 7,4 8,6 14:27 6,1 23:50 10,8 0,0 6,4 4,2 29,0 03:55 WSW 9 6,3 7,5 13:19 2,4 23:57 12,0 0,0 0,8 1,8 19,3 05:48 NNE 10 3,9 5,4 03:22 2,2 00:08 14,4 0,0 44,8 3,8 33,8 06:12 SW 11 7,6 9,8 12:14 3,8 01:04 10,7 0,0 0,0 4,5 33,8 20:06 WNW 12 5,6 7,9 14:30 2,9 22:09 12,7 0,0 0,0 3,7 30,6 05:22 WNW 13 3,5 8,1 15:40 -0,6 22:11 14,8 0,0 0,0 3,4 19,3 07:34 SE 14 3,9 11,3 16:05 -2,2 03:17 14,2 0,0 0,0 1,0 16,1 23:22 NE 15 10,0 14,4 14:04 6,8 03:18 8,2 0,0 0,0 2,4 17,7 01:58 E 16 6,9 13,2 16:12 2,7 08:29 11,4 0,0 0,0 1,4 19,3 00:22 SSE 17 7,7 10,8 13:54 6,4 06:48 10,4 0,0 2,6 2,6 33,8 19:49 E 18 6,2 8,9 15:54 1,3 22:25 12,1 0,0 0,0 4,3 30,6 01:46 NNE 19 3,5 9,0 14:06 -0,3 07:08 14,8 0,0 0,0 1,4 17,7 00:00 NNW 20 4,6 7,7 12:30 0,1 00:24 13,7 0,0 0,6 2,4 22,5 17:37 SSW 21 6,3 8,6 11:14 4,1 23:47 12,0 0,0 5,6 2,8 22,5 21:05 NNW 22 1,6 4,2 00:05 -0,3 20:16 16,6 0,0 0,0 5,7 40,2 19:43 NNE 23 -0,1 2,8 14:22 -2,8 08:08 18,4 0,0 0,0 5,0 43,5 17:01 N 24 -2,7 0,4 15:16 -5,3 04:29 21,0 0,0 0,0 4,0 30,6 13:41 NW 25 -0,8 3,6 14:39 -5,4 01:47 19,1 0,0 0,0 3,3 24,1 19:28 N 26 2,0 6,8 16:48 -3,0 08:15 16,3 0,0 0,0 1,9 20,9 14:31 NNE 27 2,6 7,5 16:39 -1,9 04:49 15,7 0,0 0,0 1,3 14,5 14:52 NNE 28 4,0 9,0 16:09 0,2 05:45 14,1 0,0 1,0 0,8 16,1 12:18 NNW 29 3,8 6,9 15:30 1,3 20:33 14,5 0,0 4,0 3,7 32,2 12:55 NW 30 4,4 10,3 15:21 0,8 00:23 13,9 0,0 0,0 1,8 17,7 10:30 E 31 5,6 11,6 14:14 1,4 06:08 12,7 0,0 0,0 2,1 20,9 19:58 SW ---------------------------------------------------------------------------------- 5,6 16,5 2 -5,4 25 382,1 0,0 88,8 3,2 49,9 5 WNW Max >= 27,0: 0 Max <= 0,0: 0 Min <= 0,0: 10 Min <= -18,0: 0 Max Rain: 44,8 on day 10 Days of Rain: 12 (>= 0,2 mm) 6 (>= 2,0 mm) 2 (>= 20,0 mm) Heat Base: 18,3 Cool Base: 18,3 Method: Integration